ulate the greatest common divisor of s and 99.
33
Suppose 3*m - 70*g - 1873 = -68*g, -2*g = 10*m - 6304. Calculate the highest common divisor of m and 731.
17
Suppose -2*u - 33 = -w - 252, 4*u - 213 = w. Let o = w + 226. Calculate the highest common factor of 5 and o.
1
Let w(m) = 10*m**3 + 5*m**2 + 7*m - 4. Let i be w(-3). Let k = -199 - i. What is the highest common divisor of k and 459?
51
Let u = 39662 - 24438. What is the greatest common divisor of 22 and u?
22
Suppose 0 = 17*l - 134 - 2. Let p(t) = 4*t**2 - 22*t + 39. Let u be p(l). What is the highest common factor of 34 and u?
17
Let k be (-149)/(-15) - 47/(-705). What is the highest common divisor of 930 and k?
10
Let o(g) be the second derivative of -g**3/2 - g**2/2 - 106*g. Let v be o(-1). Calculate the highest common factor of 37 and v.
1
Suppose -2687 = -4*n - 5*d, 3*d = -2*d - 5. Suppose -11*j + n + 75 = 0. Let y = j + -23. Calculate the highest common factor of y and 75.
15
Suppose -20 = -20*j + 20. Suppose -24 + 46 = j*d. Calculate the highest common divisor of d and 341.
11
Suppose h - 3*h = -36. Let n be -10 + 10 + 15*11. Suppose 3*b = -5*z + n, 7 = z - 4*b - 3. Calculate the greatest common factor of z and h.
6
Let x be ((-8)/10)/(12/(-390)). Let o be (-11858)/(-35) + 108/(-135). What is the greatest common divisor of o and x?
26
Let v = 332 - 192. Suppose -5*c + 10 = 0, 4*l - 1943 = 5*c + 619. Suppose -l = -42*j + 197. Calculate the highest common divisor of j and v.
20
Let c be (-2)/(-11) + (-18 - (-2232)/66). What is the greatest common factor of 1072 and c?
16
Suppose 50*q - 12 = 47*q. Let n = -65 - -68. Suppose 0*w + 3*p = -2*w + 4, 0 = 2*w - n*p - 4. Calculate the highest common divisor of w and q.
2
Suppose -3*c + 157 = 148. Suppose -2*s + 15 = s. Suppose s*h + c*h = 616. What is the highest common factor of h and 11?
11
Suppose -9*x + 11*x = 10. Suppose 3*f = -2*f - x*a + 625, 5*f = 2*a + 632. What is the greatest common factor of f and 36?
18
Suppose -5*u + 196*u = 764. What is the greatest common factor of u and 548?
4
Suppose 0 = 110*d - 3 - 107. Calculate the greatest common factor of d and 2649.
1
Suppose 368*x - 5964 = -58*x. Let i = -3 - -5. What is the greatest common factor of x and i?
2
Let n = -1819 - -1857. Calculate the greatest common divisor of 1482 and n.
38
Let t(p) = 29*p**2 + 100*p + 651. Let k be t(-6). Calculate the highest common factor of 8103 and k.
219
Let o = 4606 + -4131. Suppose 5*c - 5*t - 115 = 0, -29 = -c + 5*t + 10. What is the highest common divisor of c and o?
19
Suppose -280 = i - 8*i. Suppose -4*p = 9*k - 4*k + 6, 5*p = -2*k + 1. Let o be 2*p + -5*(-98)/5. Calculate the greatest common divisor of i and o.
20
Let t = -2 - -6. Suppose -4*j = t*i - 40, 4*j - 3*i - 2*i + 5 = 0. Let d be (-54 - (-1030)/20)/(2/24*-2). What is the greatest common factor of j and d?
5
Let v = -276 + 283. Let q(t) = t**3 + 3*t**2 - 6*t - 14. Let h be q(v). Calculate the highest common divisor of 14 and h.
14
Let s = -834 - -842. Calculate the greatest common divisor of 4584 and s.
8
Let l be (41/2)/(8/(-1040)*-5). Let p = l - 529. Let z = -9 - -19. Calculate the greatest common factor of z and p.
2
Suppose -514*y = -546*y + 19200. Calculate the greatest common divisor of y and 240.
120
Let j(p) = -p**2 + 12*p + 129. Let v be j(17). Suppose a - 178 - 174 = 0. Calculate the greatest common divisor of v and a.
44
Suppose -167 + 351 = 184*p. Calculate the greatest common factor of p and 81.
1
Let p = -2970 + 4058. What is the greatest common factor of p and 192?
64
Suppose -2*m + 76 = 3*i - 6*m, 0 = i + 2*m - 42. Let b = -33 + i. Let j be 4*((-30)/16)/(b/12). What is the greatest common divisor of 10 and j?
10
Suppose 0 = 3*g - 3 - 12. Let s(x) = x**2 + 6*x - 18. Let a be s(-15). Let y = a - 52. What is the greatest common divisor of y and g?
5
Suppose 60 = z - 0*u + 2*u, 4*z + u = 233. Let w = z - 127. Let o = 114 + w. Calculate the highest common factor of o and 60.
15
Let y(l) = 3*l**2 - 64*l - 688. Let p be y(-8). What is the greatest common factor of p and 34096?
16
Let m(c) = 40 - 3*c + 4*c - 3*c. Suppose -66*j + 64*j - 12 = 0, 0 = -2*f - 3*j + 6. Let x be m(f). What is the greatest common divisor of x and 64?
16
Suppose 507 = 27*t - 682 - 647. Let g be (2 + -3)*-3 - 5. Let l(v) = -8*v + 1. Let o be l(g). What is the highest common divisor of t and o?
17
Let i = -67 + 63. Let z be (1 + 1)/i - (-3)/2. Let a(p) = 5*p - 3. Let s be a(z). What is the greatest common factor of s and 22?
2
Suppose 151*s - 2425 - 7205 = 145*s. Calculate the highest common divisor of 18297 and s.
321
Let o(d) = d. Let f be o(2). Let g = -104 + 110. Suppose g = 10*q - 134. Calculate the greatest common factor of q and f.
2
Suppose -139*x + 28503 = -6101 - 3760. Calculate the greatest common divisor of x and 22908.
276
Let l = 9 - 13. Let c be (1 + 0)*(l - -15). Suppose i + 3*i - g = 48, 5*i + 3*g = 43. Calculate the highest common factor of i and c.
11
Let m be (-20)/3*99/(-55). Let x be 5/(-5) - 3 - 2. Let v(d) = d**3 + 5*d**2 - 9*d - 12. Let j be v(x). What is the greatest common factor of m and j?
6
Let k = 29 + 0. Let w = 175 + -200. Let b be (-1145)/(w/5) + 3. Calculate the highest common divisor of b and k.
29
Suppose -r - r = -90. Let h be (-2)/(-3)*(-2100)/(-56). Suppose -h - 35 = -2*f. What is the greatest common factor of f and r?
15
Suppose 3*b = 7*y - 6*y - 270, -y = -b - 276. Let r = y - 241. What is the highest common divisor of 95 and r?
19
Let a be (((-640)/(-50))/16)/((-2)/(-125)). Suppose -9*h + 2*k + 24 = -8*h, 4*k + 138 = 5*h. What is the greatest common divisor of h and a?
10
Suppose -9 = 10*g + 1. Let o be (3*172/(-12) - 2)/g. What is the greatest common factor of 5 and o?
5
Let s be (10/3)/(10/225). Let l = 143 - 72. Suppose -l = -10*d + 79. What is the greatest common divisor of d and s?
15
Let l(c) = 127*c**2 - 1336*c - 1335. Let k be l(-1). Suppose 5*u = -4*n + 96, 5*u = 3*n + 9 + 59. What is the greatest common divisor of k and u?
16
Let f = 4745 + -4521. What is the highest common divisor of 49 and f?
7
Let n = 827 - 375. Suppose 4*q - n = 4*o - 2*o, -q + 124 = 5*o. Suppose -3*f + 202 - 31 = 0. What is the greatest common factor of q and f?
57
Let w(l) = 10*l**2 - 43*l + 7. Let m be w(5). Calculate the highest common divisor of m and 48.
6
Let k(i) = -3*i**2 + 141*i - 768. Let l be k(36). What is the highest common divisor of 7770 and l?
210
Let h = -141 + 147. Let b be (5 + (0 - 146/h))*-30. What is the greatest common factor of 40 and b?
20
Suppose 294 + 250 + 212 = 36*u. What is the greatest common factor of u and 6699?
21
Let z = 21055 + -21031. Let f(b) = -10*b. Let x be f(-3). What is the greatest common divisor of z and x?
6
Let v be 7272/27*(0 - 6/(-4)) + -1. Calculate the greatest common divisor of v and 377.
13
Let v(l) = -l**3 + 15*l**2 + 15*l - 2. Let q be v(16). Let f be (-19 - q)*(15 + 0). Let u = f - -16. Calculate the greatest common divisor of u and 11.
1
Let v(z) = 209*z - 769. Let j be v(5). Calculate the greatest common divisor of j and 36.
12
Suppose -39*g - 1439 = -43*g - 3*i, 2*i + 1454 = 4*g. Calculate the highest common factor of g and 543.
181
Let t = 497 - 189. Suppose 0 = 8*h - 10*h + t. What is the greatest common divisor of h and 14?
14
Suppose v - 5 = -1. Suppose -7904 - 2700 = -369*h + 128*h. Calculate the highest common factor of v and h.
4
Let m be (-5)/2 + (-414)/(-36) + -7. Let j be (-3 + 1)*1*-4. Let g(z) = 2*z**2 - 11*z - 2. Let o be g(j). Calculate the highest common factor of m and o.
2
Let s be 25/((-100)/(-24))*1226/12. Suppose s = 9*q - 35. What is the highest common factor of 45 and q?
9
Let i be 27*(16 + -15)*1. What is the highest common divisor of 180 and i?
9
Suppose -31 = -4*r + 4*l + 153, -5*l = 4*r - 175. Calculate the highest common factor of r and 3180.
15
Suppose -r = 2*q - 467, 3*q - 3*r = -0*r + 687. Let k = 251 - q. What is the greatest common factor of 95 and k?
19
Let x be (46*(-10)/(-4))/1. Suppose -14*t - 3 = -x. Calculate the greatest common divisor of t and 80.
8
Suppose -3*l + 22*l - 1260 = l. Suppose 244 = k - 5*k. Let p = l + k. Calculate the highest common divisor of p and 9.
9
Let y be 2/((4/54)/(1/(-3))). Let l(u) = -u**2 - 14*u + 11. Let n be l(y). Suppose -12*c + 66 = -30. What 